6a942 (base 11) to base 4.
-10230031100
Convert -4da73c (base 14) to base 5.
-1141221240
What is 3331023130 (base 5) in base 10?
7282915
What is -3d101 (base 15) in base 11?
-124270
What is -100321 (base 10) in base 4?
-120133201
What is -29d6c2 (base 14) in base 4?
-11210003222
Convert 11110001101111000 (base 2) to base 4.
132031320
-30202021030 (base 4) to base 5
-1320114310
What is -a92c05 (base 15) in base 8?
-36573716
Convert -12416564 (base 7) to base 9.
-2113165
-133a6 (base 14) to base 12
-23506
2120010210 (base 3) to base 2
1100010011100011
Convert 11011220020120 (base 3) to base 7.
24613425
-665499 (base 11) to base 16
-103217
Convert -35142431 (base 6) to base 10.
-1086643
Convert 54514120 (base 7) to base 3.
22210120111221
7175a (base 12) to base 16
241f6
Convert 11312240 (base 5) to base 12.
50286
-13302031203 (base 4) to base 13
-565b00
What is -403411 (base 6) in base 9?
-47677
10202223022 (base 4) to base 16
122aca
Convert 100101111110011 (base 2) to base 10.
19443
What is -1053202235 (base 6) in base 9?
-23801045
111110202200 (base 3) to base 8
1005741
Convert -1223022544 (base 6) to base 2.
-110101111100001001100000
What is 516013 (base 9) in base 15?
60acc
What is -5266 (base 10) in base 7?
-21232
What is 101100011200 (base 3) in base 15?
4047c
-358274 (base 11) to base 14
-10aa77
What is 102951 (base 10) in base 11?
70392
16583b (base 12) to base 4
1131201233
Convert -11222312310 (base 4) to base 7.
-15430056
What is -34002343 (base 5) in base 2?
-1001000100100000111
Convert -23033054 (base 6) to base 13.
-1b8815
-13a675 (base 11) to base 8
-653724
What is -11000111001101001000 (base 2) in base 14?
-1734da
Convert -196582 (base 12) to base 2.
-1101101000010110010
What is -115140021 (base 6) in base 14?
-415c17
Convert -23330302 (base 5) to base 11.
-137137
What is -32978 (base 13) in base 2?
-10110011000110001
What is 277367 (base 9) in base 14?
45a64
Convert 11211020133 (base 4) to base 6.
51204143
What is 30b8 (base 12) in base 15?
189e
-2122300 (base 7) to base 4
-332323030
Convert -73788 (base 10) to base 3.
-10202012220
What is 196136 (base 10) in base 9?
328038
What is 1131111 (base 6) in base 2?
1110010011010011
What is -34077a5 (base 12) in base 2?
-100110000001001110101101
Convert -10002002020121 (base 3) to base 6.
-55014541
-32516104 (base 7) to base 16
-2aa3ea
Convert -110000100110101 (base 2) to base 7.
-132360
Convert -1001001100001100111 (base 2) to base 15.
-5e374
Convert -10516503 (base 7) to base 9.
-1640370
Convert -444220103 (base 5) to base 6.
-105404432
Convert 13614743 (base 8) to base 4.
23301213203
-197aca (base 15) to base 3
-2100001102101
Convert 36c30 (base 14) to base 16.
20bda
Convert -59453 (base 13) to base 16.
-27dfa
-1000001001010100001 (base 2) to base 11
-172599
Convert -112615 (base 7) to base 6.
-233304
What is 474d99 (base 14) in base 11?
1412667
Convert 99155 (base 12) to base 7.
1502021
-3064651 (base 7) to base 11
-232305
41420130 (base 5) to base 10
341915
-265256 (base 9) to base 3
-22012021220
-57600313 (base 8) to base 9
-25487801
6e1f1 (base 16) to base 4
1232013301
Convert -10010101110011111 (base 2) to base 9.
-126185
-3491c0 (base 14) to base 8
-6654304
100121211021 (base 3) to base 5
22030122
Convert 25140001 (base 6) to base 8.
3046341
-5776077 (base 8) to base 15
-210b38
What is 40525524 (base 6) in base 4?
10123303330
What is -3426513 (base 7) in base 14?
-b1a0a
Convert 5525402 (base 6) to base 8.
1033012
Convert -112201 (base 6) to base 10.
-9577
477421 (base 8) to base 11
101a09
-a72e86 (base 15) to base 6
-442323143
What is 276f (base 16) in base 14?
3971
102040010 (base 5) to base 7
3415155
Convert ac76c (base 14) to base 7.
3362165
Convert -1330002103 (base 4) to base 14.
-d3215
12aa30 (base 14) to base 4
2131100002
Convert -221113020 (base 4) to base 9.
-277350
What is -10100010110001010 (base 2) in base 13?
-2bc18
-476415 (base 9) to base 16
-46073
Convert 49839 (base 10) to base 12.
24a13
Convert 1be3 (base 16) to base 2.
1101111100011
-23155420 (base 6) to base 2
-10101110101001000100
121441441 (base 5) to base 14
110798
What is -69156 (base 11) in base 14?
-28635
Convert -102011021102 (base 3) to base 4.
-311213231
-243e1a (base 15) to base 12
-6b795a
What is -4131101101 (base 5) in base 14?
-11a1ac9
-68137 (base 9) to base 10
-45313
Convert -11200122011211 (base 3) to base 13.
-693700
10000111010101101100110 (base 2) to base 8
20725546
What is -1146b (base 12) in base 16?
-5a53
What is 5330054 (base 7) in base 11?
40130a
What is -1011022211011001 (base 3) in base 11?
-9441112
What is -146366 (base 15) in base 16?
-eff70
-32338b (base 14) to base 4
-12132312233
What is 11001011000111 (base 2) in base 3?
122211110
Convert -24554400 (base 6) to base 4.
-3001210200
Convert -652565 (base 7) to base 15.
-23ad5
-1e56d (base 15) to base 10
-99103
Convert -12307 (base 15) to base 16.
-e2c9
What is 4466327 (base 9) in base 11?
13a3704
What is -3a19315 (base 12) in base 9?
-23541648
Convert -aaa4714 (base 11) to base 3.
-1100122121202221
689082 (base 13) to base 7
30022011
What is 4552916 (base 10) in base 12?
1636958
Convert 3776015 (base 9) to base 6.
112035405
Convert -85826 (base 12) to base 13.
-61c92
-b4702d (base 14) to base 6
-334301413
Convert 23833 (base 11) to base 14.
c6c7
240211404 (base 5) to base 10
1100854
What is 499666 (base 10) in base 15?
9d0b1
What is -1276643 (base 8) in base 13?
-c7a33
101000010111000010 (base 2) to base 6
3313202
What is 1101010001001110000001 (base 2) in base 3?
20112201110200
Convert 112972 (base 10) to base 2.
11011100101001100
Convert 110000000000000110101 (base 2) to base 3.
2221220122012
Convert 3477176 (base 9) to base 2.
111001011011001100011
-896c32 (base 13) to base 2
-1100010111101010010100
What is -122212220133 (base 4) in base 10?
-6973983
What is -332a90 (base 12) in base 2?
-11000110101010001100
Convert -20412022 (base 5) to base 12.
-82205
What is 22114344 (base 5) in base 15?
3bc9e
Convert -43252417 (base 8) to base 3.
-122102120120001
1110000111100011 (base 2) to base 11
3a4a0
Convert 2422020443 (base 5) to base 10.
5657623
Convert -47645 (base 9) to base 16.
-7c82
-2429a (base 16) to base 3
-21112012000
Convert 210133010132 (base 4) to base 15.
c8dd9b
577614 (base 12) to base 14
287076
What is 1202121020011 (base 3) in base 12?
392257
-1236463 (base 7) to base 8
-471775
Convert 7503565 (base 9) to base 4.
33110330333
Convert -30130400 (base 5) to base 6.
-5044403
-17f7d0 (base 16) to base 14
-2cc61a
31011011322 (base 4) to base 7
41100204
-36012 (base 8) to base 6
-155054
235256164 (base 7) to base 15
14419ed
Convert 155321 (base 7) to base 3.
1120002122
What is 5461667 (base 10) in base 7?
64265141
Convert -129a231 (base 13) to base 7.
-100466605
-1361748 (base 10) to base 8
-5143524
301335 (base 6) to base 16
5c7b
-1959326 (base 10) to base 5
-1000144301
Convert -641476 (base 8) to base 11.
-136714
Convert -2211113200 (base 4) to base 6.
-22303504
What is 25361 (base 11) in base 3?
1211212221
What is -72512 (base 10) in base 12?
-35b68
-47933 (base 11) to base 8
-206616
Convert -224440323 (base 5) to base 7.
-11425304
Convert -212022223 (base 5) to base 3.
-1200022212000
What is -a3171 (base 11) in base 9?
-248525
What is -7257c7 (base 14) in base 13?
-a50691
-4594bb (base 13) to base 16
-1927c4
232153 (base 8) to base 10
78955
1111010201 (base 3) to base 13
1041a
What is -63702 (base 11) in base 5?
-10431223
Convert -345422112 (base 6) to base 8.
-30406674
Convert 2441041302 (base 5) to base 8.
26077231
What is -9374 (base 12) in base 10?
-16072
What is -17918a (base 11) in base 6?
-5524320
What is 3775803 (base 11) in base 13?
148541a
12c9cc (base 16) to base 9
2276030
What is -1030232221 (base 4) in base 13?
-b0086
What is -341014421 (base 5) in base 16?
-16e834
What is 1655214 (base 7) in base 10?
232320
435b365 (base 12) to base 10
12813629
Convert -1111315344 (base 6) to base 8.
-56143660
What is -3b69b8 (base 12) in base 7?
-11245535
What is -3131425 (base 7) in base 9?
-634761
What is 22000222 (base 4) in base 2?
1010000000101010
-d377 (base 16) to base 12
-273b3
Convert 6500478 (base 9) to base 15.
48c5ab
What is 1101101110100111 (base 2) in base 7?
322640
207a88 (base 11) to base 8
1211665
Conve